d + 17. Determine v(p).
17
Let w = 629 + -627. Let f(h) = -4*h. Let r(p) = -p**2 - 1. Let l(g) = -f(g) + 2*r(g). Calculate l(w).
-2
Let a(o) = -o**2 - 2*o + 4 - 5 + 3*o. Suppose 94*f - 20 = 89*f. Let t be (-4 + f)/(2 + 0) - -1. Determine a(t).
-1
Suppose 22*v - 399 = 371. Let o(c) = 21 - v + 16 + 10*c. Give o(-2).
-18
Let i(g) = -220 + 4*g + 220. Suppose 0 = -4*w - 2*h + 5*h + 25, 3*w + 5*h = -3. What is i(w)?
16
Let c(l) = -2*l**3 + 9*l**2 - l - 7. Let k = 7942 + -7938. What is c(k)?
5
Let i(j) = -33*j - 31*j**2 + 2 + 6 + 0*j + 4 + 3*j - j**3. Give i(-30).
12
Let w = -37 - -61. Suppose w = -4*s + s. Let j(f) = 53*f - 274. Let t(g) = 4*g - 21. Let u(d) = -j(d) + 13*t(d). Calculate u(s).
9
Let d(z) = -z**2 - 2*z + 12. Let b be d(-5). Let t(o) be the third derivative of -8*o**2 + o + 0 + 1/2*o**3 + 1/24*o**4. What is t(b)?
0
Let b = -16 - -31. Let u be b*((-17)/(-5) + -2 + -1). Let f(m) be the second derivative of m**5/20 - 7*m**4/12 + 7*m**3/6 - 9*m**2/2 - 128*m. What is f(u)?
-3
Suppose 0*b + q - 5 = 5*b, -3*b + 5*q + 19 = 0. Let y(p) be the first derivative of p**4/4 + p**3 + p + 25537. Determine y(b).
5
Let q(t) = -t**2 + 4*t + 1. Let j be q(4). Let y(p) be the first derivative of 0*p**3 + 1/2*p**2 - 3/2*p**4 - 44 - p. What is y(j)?
-6
Let j(z) be the third derivative of 2*z**5/15 - 5*z**4/24 + 5*z**3/6 - 1740*z**2. Give j(2).
27
Let c(x) = -5*x**3 - 7*x**2 - 4*x - 133. Let k(u) = -9*u**3 - 11*u**2 - 7*u - 235. Let t(i) = -7*c(i) + 4*k(i). What is t(4)?
7
Let k(g) = -g**3 - 10*g**2 + 12*g - 10. Let v be (187/85)/(2/(-10)). What is k(v)?
-21
Let q(a) = a**3 - 29*a**2 - 11*a + 306. Let p be q(29). Let d(i) = -7*i - 92. Calculate d(p).
-1
Let l(t) = -8*t**2 + t + 1. Let p(w) = 7*w**2 - w - 1. Let u = 43 + -40. Suppose 7*r - 6*r = -u. Let v(q) = r*l(q) - 2*p(q). Determine v(-1).
10
Let n(a) = -228*a - 682. Let o be n(-3). Let i(h) = 5*h**3 + h**2 + h. Give i(o).
46
Let g(d) = -d + 3 + 4*d + 1. Let t = -207 - -244. Suppose 5*o + 40 = -5*c, -4*c + 5*o - t = 10*o. Give g(c).
-5
Let u(a) = 23*a**3 + 29*a**2 - 40*a - 52. Let y(l) = -4*l**3 - 5*l**2 + 7*l + 9. Let j(b) = -3*u(b) - 17*y(b). What is j(3)?
-39
Let g(l) be the third derivative of -29*l**2 + 0 - 1/24*l**4 + 0*l + 1/360*l**6 - 1/24*l**5 + 9/2*l**3. Let r(t) be the first derivative of g(t). What is r(6)?
5
Let f(g) = -3*g**3 - g**2 - g + 2. Let t(z) = -4*z**3 - 2*z**2 - z + 1. Let d(l) = -3*f(l) + 2*t(l). Suppose 44*s - 20*s = -136*s. What is d(s)?
-4
Let a(w) be the second derivative of -3*w**4/2 + w**3/3 + w**2/2 - 4*w. Suppose -b - 70*y + 71*y = -2, 2*y + 7 = -b. Give a(b).
-19
Let t(x) be the second derivative of -x**4/12 + 8*x**3/3 + 16*x**2 + 3*x + 102. Give t(17).
15
Let m(n) = 12 + 4*n + 2*n + 13*n - 22*n + 2*n. Suppose 14*k = 18*k + 12, -2*o + k + 41 = 0. Determine m(o).
-7
Let l(o) = -2*o**2 - 9*o - 1. Let j be l(0). Let g(r) = -2*r**3 + r**2 - 6*r - 6. Give g(j).
3
Let u(p) = -15*p**3 + 2*p**2 - 2*p + 1. Let j = -14117 - -14118. What is u(j)?
-14
Let j(c) be the first derivative of -11*c**2 - 37*c + 2806. Give j(-3).
29
Let p(a) = -2*a + a + 17 + 13 - 50. Determine p(-18).
-2
Suppose -4*f + 3*c = 10, 0 = -5*f + c - 2 - 5. Let h(q) be the third derivative of 5*q**4/24 - 33*q**2 + 29. Calculate h(f).
-5
Let t(y) = -14*y + 4. Suppose 167*o - 2786 = 160*o. Let i = 401 - o. Give t(i).
-38
Let o be 2 - ((-38)/(-8))/((-10)/40). Suppose -2*n = -z + 2*z - 15, 2*n + 3*z = o. Suppose 18 = -n*m - 0*m. Let k(q) = q**3 + 3*q**2 + 2*q - 3. Calculate k(m).
-9
Suppose 0 = 12*f - 37977 + 7365. Let z(k) = 2*k + f - k - 2554. Let a = -1 + 1. What is z(a)?
-3
Let q(j) = -31*j + 85. Let l(c) = -20*c + 42. Let z(u) = -5*l(u) + 3*q(u). What is z(-6)?
3
Let c(a) = 120*a + 2768. Let j(m) = 40*m + 971. Let x(l) = 4*c(l) - 11*j(l). Determine x(-10).
-9
Let i(k) = -k**2 - 10*k + 16. Let u = -1040 - -1050. Suppose u*a - 44 = 14*a. What is i(a)?
5
Suppose 2*w + 5635 = -3*n + 5628, -3*w + 2*n - 4 = 0. Suppose 0 = -3*o - 2*o. Let q(p) = p - 2*p + o*p + 2. What is q(w)?
4
Let f(c) = -9*c - 1. Let v(t) = 50*t + 12. Let h(w) = 5*f(w) + v(w). Calculate h(-2).
-3
Let t(p) = -p**3 - 10*p**2 + 2. Let d be t(-10). Suppose 4 = -2*f, 5*f = -0*o - 5*o + 20. Let r(g) = 10*g - o*g + g + 1 - 3*g. Calculate r(d).
5
Suppose -4186*l - 9688 = 2870. Let j be (0 - (1 + -1)) + -1. Let m(z) = -6*z - 9. Let r(o) = 1. Let s(u) = j*m(u) - 6*r(u). What is s(l)?
-15
Let h(s) = 8*s + 15*s + 1925 - 17*s - 1671. Calculate h(-40).
14
Let h(f) be the first derivative of -f**7/60 - f**6/360 - f**5/60 - f**4/24 + 155*f**3/3 + 58. Let p(a) be the third derivative of h(a). Give p(-1).
14
Let v(j) = -79*j**2 - 129*j**2 - 36*j + 145*j**2 + 143 + 2*j**3. Give v(32).
15
Suppose 4 = -2*z, 6*j - j = -2*z + 16. Let h(d) = d**2 - 17 - j*d + 0*d**2 - d**2 + d**2 + 0*d**2. Calculate h(7).
4
Let t(b) = b**2 + 11*b - 23. Let g be t(-13). Let q(d) = 18 + 0*d**3 - 9*d - 5*d + 11*d**2 - d**g + 2*d**2. Calculate q(12).
-6
Let j(a) = -a + 3 + 3 - 4 + 4 + 0. Suppose -26 = -4*f - 6. Determine j(f).
1
Let d = 3051 - 3047. Let l(s) = s - 7. Determine l(d).
-3
Let k(p) = p + 1. Let f(t) = -t**2 - 16*t - 16. Let c be f(-14). Let u = c + -18. Calculate k(u).
-5
Let p(l) = l**3 - 4*l**2 - 3*l - 8. Let u be p(5). Let j(s) = -41*s. Determine j(u).
-82
Let a(d) = -8*d**2 - 10*d - 29. Let f(q) = -18*q**2 - 18*q - 53. Let n(x) = 7*a(x) - 3*f(x). Calculate n(-4).
-12
Let s be (-1550)/(-170) + -9 - 1/(17/70). Let l(u) = u - 6*u + 0*u - 1 - u - 2*u**2. Determine l(s).
-9
Suppose -s = 4*o - 24, s = 6*s + 2*o - 48. Let r be (s/6)/((-4)/(-60)*5). Suppose -n - 28 = r*g, -n + g = -0*n + 3. Let v(d) = d - 3. Determine v(n).
-11
Let o(y) = 327 + 328 + 334 - 1316 + 333 - y - 10*y**2. Give o(2).
-36
Let w(p) be the second derivative of 7*p**3/6 + 23*p**2/2 + 113*p + 2. What is w(-6)?
-19
Let h(q) = 6*q + 4. Let s be h(-2). Let z(f) = 4*f + 7*f + 3232*f**3 - 5*f**2 - 2*f**2 - 3233*f**3. Calculate z(s).
-24
Let w(y) be the third derivative of y**6/120 + 4*y**5/5 + 11*y**4/3 - 31*y**3 - 3*y**2 - 70*y - 3. Calculate w(-46).
-2
Let x(k) = -k + 17. Suppose -6*c - 604 = -154. Let n be (2 + 0)/(c/(-24) - 3). Determine x(n).
1
Let c(m) be the second derivative of m**3/6 - 9*m**2/2 + 6927*m - 1. Suppose 4*w = -4*g + 84, -6 + 27 = w - 4*g. Give c(w).
12
Let j be (8 - 9) + 5*-1. Let n be (-2)/j + 13/(-3) + 6. Let x(u) = -2*u**2 - 2*u - 1. Give x(n).
-13
Let f(p) = -5*p + 31. Suppose 1597 = 5*b + 197. Suppose 8*g - b = -48*g. Calculate f(g).
6
Suppose -2*u = -3*s - 99, 5*s - 2*u = -1594 + 1437. Let m(g) = g**3 + 29*g**2 + g + 29. Determine m(s).
0
Let o(b) = -b**3 - 2*b**2 - 4*b - 3. Let d(u) = -u**2 - 11*u - 7. Suppose -48 = 5*x - 8. Let p be d(x). Suppose -p*v - 29 = 5. Give o(v).
5
Suppose 18 = 35*k - 33*k. Let i(d) = -175*d - 1 + k + 0 + 3 + 174*d. Give i(8).
3
Let v(c) = 4*c + 42. Let x be v(-10). Suppose g + x = j - 2, 16 = -3*g + 4*j. Suppose 36 = 9*l - g. Let u(s) = -4*s + 2. Give u(l).
-14
Let i(g) = 2*g - 2 - 7 + 2. Suppose 1545 = 420*z + 95*z. What is i(z)?
-1
Let b(y) be the second derivative of y**4/12 + 7*y**3/6 + y**2/2 - 62*y. Let h = -18 + 11. Give b(h).
1
Let q(v) = -3*v + 85. Let c = 12569 + -12536. Calculate q(c).
-14
Let c be ((-39)/13)/((-3)/47). Suppose c = 5*y + 22. Let p(r) = -3*r - 1. Give p(y).
-16
Let f = 18651 + -18648. Let v(h) = h**3 - 2*h**2 - 2*h. Calculate v(f).
3
Let f be (7 + (-88)/12)*(-2 + 0 + 2). Let d(u) = u**2 - 3*u - 52. What is d(f)?
-52
Let y(v) = v**2 + 4*v + 4. Let r(p) = -p**2 + 18*p - 31. Suppose -3*x + 36 = -3*j, 4*x - 4*j - 62 = -x. Let l be r(x). Let b = l - 31. What is y(b)?
16
Suppose -74*p - 252*p + 502 = -75*p. Let r(c) = -c**3 - c**2 - c. Let o(a) = -7*a**3 - 3*a**2 - 4*a + 1. Let l(d) = -o(d) + 5*r(d). Give l(p).
5
Let n(w) = w**3 - w**2 + w - 3. Let a = 62 + -82. Let b = 25 + a. Suppose 0*c + 3*c = -b*f + 10, -4*c = -3*f + 6. Determine n(c).
-3
Let i(m) = -4645*m - 2*m**2 + 4643*m - 30 + 24. Determine i(-4).
-30
Let t(n) be the third derivative of 1/120*n**6 + 0 + 2/3*n**3 + 1/12*n**4 + 0*n**5 + 58*n**2 + 0*n. Give t(0).
4
Let p = 86 - 68. Let y be (19 + 0 + -1)/(20 - p). Let g(f) = -f**2 - y + 43*f**3 + 47*f**3 - 135*f**3 + 44*f**3 + f. What is g(0)?
-9
Let j be 110/9 + 4*6/(-108). Let h(i) = 7*i + 1 - 35*i + 17*i + j*i. Determine h(3).
4
